{"id":476,"date":"2025-07-31T11:11:27","date_gmt":"2025-07-31T09:11:27","guid":{"rendered":"https:\/\/prawnikzielonagora.pl\/?page_id=476"},"modified":"2026-02-06T15:41:35","modified_gmt":"2026-02-06T14:41:35","slug":"zespol","status":"publish","type":"page","link":"https:\/\/prawnikzielonagora.pl\/?page_id=476","title":{"rendered":"Zesp\u00f3\u0142"},"content":{"rendered":"\t\t<div data-elementor-type=\"wp-page\" data-elementor-id=\"476\" class=\"elementor elementor-476\">\n\t\t\t\t<div class=\"elementor-element elementor-element-df0da0b e-flex e-con-boxed e-con e-parent\" data-id=\"df0da0b\" data-element_type=\"container\" data-e-type=\"container\" data-settings=\"{&quot;background_background&quot;:&quot;classic&quot;}\">\n\t\t\t\t\t<div class=\"e-con-inner\">\n\t\t\t\t<div class=\"elementor-element elementor-element-0d61063 elementor-widget elementor-widget-heading\" data-id=\"0d61063\" data-element_type=\"widget\" data-e-type=\"widget\" data-widget_type=\"heading.default\">\n\t\t\t\t<div class=\"elementor-widget-container\">\n\t\t\t\t\t<h2 class=\"elementor-heading-title elementor-size-default\">Zesp\u00f3\u0142<\/h2>\t\t\t\t<\/div>\n\t\t\t\t<\/div>\n\t\t\t\t<div class=\"elementor-element elementor-element-e6cf48a elementor-invisible elementor-widget elementor-widget-heading\" data-id=\"e6cf48a\" data-element_type=\"widget\" data-e-type=\"widget\" data-settings=\"{&quot;_animation&quot;:&quot;fadeInRight&quot;}\" data-widget_type=\"heading.default\">\n\t\t\t\t<div class=\"elementor-widget-container\">\n\t\t\t\t\t<h3 class=\"elementor-heading-title elementor-size-default\">\ud83c\udfdb Kancelarie Radc\u00f3w Prawnych Jacek Hajduk &amp; Dominik Matli\u0144ski<\/h3>\t\t\t\t<\/div>\n\t\t\t\t<\/div>\n\t\t\t\t<div class=\"elementor-element elementor-element-430af6d elementor-widget elementor-widget-text-editor\" data-id=\"430af6d\" data-element_type=\"widget\" data-e-type=\"widget\" data-widget_type=\"text-editor.default\">\n\t\t\t\t<div class=\"elementor-widget-container\">\n\t\t\t\t\t\t\t\t\t<p data-start=\"386\" data-end=\"686\">W naszej kancelarii \u0142\u0105czymy wieloletnie do\u015bwiadczenie zawodowe z indywidualnym podej\u015bciem do ka\u017cdej sprawy. Pomagamy zar\u00f3wno osobom fizycznym, jak i przedsi\u0119biorcom w skutecznym rozwi\u0105zywaniu problem\u00f3w prawnych. Dzia\u0142amy na terenie <strong data-start=\"618\" data-end=\"635\">Zielonej G\u00f3ry<\/strong> i okolic, a tak\u017ce zdalnie na terenie ca\u0142ej Polski.<\/p>\t\t\t\t\t\t\t\t<\/div>\n\t\t\t\t<\/div>\n\t\t\t\t\t<\/div>\n\t\t\t\t<\/div>\n\t\t<div class=\"elementor-element elementor-element-d7d02a7 e-flex e-con-boxed e-con e-parent\" data-id=\"d7d02a7\" data-element_type=\"container\" data-e-type=\"container\" data-settings=\"{&quot;background_background&quot;:&quot;classic&quot;}\">\n\t\t\t\t\t<div class=\"e-con-inner\">\n\t\t<div class=\"elementor-element elementor-element-460694c e-con-full e-flex e-con e-child\" data-id=\"460694c\" data-element_type=\"container\" data-e-type=\"container\">\n\t\t\t\t<div class=\"elementor-element elementor-element-13b177c elementor-widget elementor-widget-image\" data-id=\"13b177c\" data-element_type=\"widget\" data-e-type=\"widget\" data-widget_type=\"image.default\">\n\t\t\t\t<div class=\"elementor-widget-container\">\n\t\t\t\t\t\t\t\t\t\t\t\t\t\t\t<img fetchpriority=\"high\" decoding=\"async\" width=\"819\" height=\"1024\" src=\"https:\/\/prawnikzielonagora.pl\/wp-content\/uploads\/2025\/05\/20170315_134514-2-819x1024.jpg\" class=\"attachment-large size-large wp-image-102\" alt=\"\" srcset=\"https:\/\/prawnikzielonagora.pl\/wp-content\/uploads\/2025\/05\/20170315_134514-2-819x1024.jpg 819w, https:\/\/prawnikzielonagora.pl\/wp-content\/uploads\/2025\/05\/20170315_134514-2-240x300.jpg 240w, https:\/\/prawnikzielonagora.pl\/wp-content\/uploads\/2025\/05\/20170315_134514-2-768x960.jpg 768w, https:\/\/prawnikzielonagora.pl\/wp-content\/uploads\/2025\/05\/20170315_134514-2-1229x1536.jpg 1229w, https:\/\/prawnikzielonagora.pl\/wp-content\/uploads\/2025\/05\/20170315_134514-2-1639x2048.jpg 1639w, https:\/\/prawnikzielonagora.pl\/wp-content\/uploads\/2025\/05\/20170315_134514-2-scaled.jpg 2048w\" sizes=\"(max-width: 819px) 100vw, 819px\" \/>\t\t\t\t\t\t\t\t\t\t\t\t\t\t\t<\/div>\n\t\t\t\t<\/div>\n\t\t\t\t<\/div>\n\t\t<div class=\"elementor-element elementor-element-5b04319 e-con-full e-flex e-con e-child\" data-id=\"5b04319\" data-element_type=\"container\" data-e-type=\"container\">\n\t\t\t\t<div class=\"elementor-element elementor-element-e12eb30 elementor-invisible elementor-widget elementor-widget-heading\" data-id=\"e12eb30\" data-element_type=\"widget\" data-e-type=\"widget\" data-settings=\"{&quot;_animation&quot;:&quot;fadeInRight&quot;}\" data-widget_type=\"heading.default\">\n\t\t\t\t<div class=\"elementor-widget-container\">\n\t\t\t\t\t<h3 class=\"elementor-heading-title elementor-size-default\">\ud83d\udc68\u200d\u2696\ufe0f  radca prawny Jacek Hajduk<\/h3>\t\t\t\t<\/div>\n\t\t\t\t<\/div>\n\t\t\t\t<div class=\"elementor-element elementor-element-3f2e209 elementor-widget elementor-widget-text-editor\" data-id=\"3f2e209\" data-element_type=\"widget\" data-e-type=\"widget\" data-widget_type=\"text-editor.default\">\n\t\t\t\t<div class=\"elementor-widget-container\">\n\t\t\t\t\t\t\t\t\t<p data-start=\"1487\" data-end=\"1718\">Radca prawny z bogatym do\u015bwiadczeniem procesowym i doradczym. <span style=\"font-size: inherit;\">Absolwent Uniwersytetu Wroc\u0142awskiego, cz\u0142onek Okr\u0119gowej Izby Radc\u00f3w Prawnych. Specjalizuje si\u0119 w prawie cywilnym, gospodarczym oraz administracyjnym. <\/span>Posiada wieloletnie do\u015bwiadczenie w obs\u0142udze klient\u00f3w indywidualnych i przedsi\u0119biorc\u00f3w, w tym sp\u00f3\u0142ek prawa handlowego oraz instytucji publicznych.<\/p><p data-start=\"1720\" data-end=\"2005\">W pracy stawia na <strong data-start=\"1178\" data-end=\"1221\">rzetelno\u015b\u0107, przejrzysto\u015b\u0107 i skuteczno\u015b\u0107<\/strong>. Reprezentuje klient\u00f3w przed s\u0105dami powszechnymi i administracyjnymi oraz organami administracji publicznej. Ceni sobie relacje oparte na zaufaniu i szuka rozwi\u0105za\u0144, kt\u00f3re realnie pomagaj\u0105 w osi\u0105gni\u0119ciu cel\u00f3w klienta.<\/p>\t\t\t\t\t\t\t\t<\/div>\n\t\t\t\t<\/div>\n\t\t\t\t<\/div>\n\t\t\t\t\t<\/div>\n\t\t\t\t<\/div>\n\t\t<div class=\"elementor-element elementor-element-1571b0e e-flex e-con-boxed e-con e-parent\" data-id=\"1571b0e\" data-element_type=\"container\" data-e-type=\"container\" data-settings=\"{&quot;background_background&quot;:&quot;classic&quot;}\">\n\t\t\t\t\t<div class=\"e-con-inner\">\n\t\t<div class=\"elementor-element elementor-element-2fc662e e-con-full e-flex e-con e-child\" data-id=\"2fc662e\" data-element_type=\"container\" data-e-type=\"container\">\n\t\t\t\t<div class=\"elementor-element elementor-element-525826d elementor-widget elementor-widget-image\" data-id=\"525826d\" data-element_type=\"widget\" data-e-type=\"widget\" data-widget_type=\"image.default\">\n\t\t\t\t<div class=\"elementor-widget-container\">\n\t\t\t\t\t\t\t\t\t\t\t\t\t\t\t<img decoding=\"async\" width=\"878\" height=\"1024\" src=\"https:\/\/prawnikzielonagora.pl\/wp-content\/uploads\/2025\/12\/ChatGPT-Image-22-gru-2025-18_01_26-2-878x1024.png\" class=\"attachment-large size-large wp-image-548\" alt=\"\" srcset=\"https:\/\/prawnikzielonagora.pl\/wp-content\/uploads\/2025\/12\/ChatGPT-Image-22-gru-2025-18_01_26-2-878x1024.png 878w, https:\/\/prawnikzielonagora.pl\/wp-content\/uploads\/2025\/12\/ChatGPT-Image-22-gru-2025-18_01_26-2-257x300.png 257w, https:\/\/prawnikzielonagora.pl\/wp-content\/uploads\/2025\/12\/ChatGPT-Image-22-gru-2025-18_01_26-2-768x896.png 768w, https:\/\/prawnikzielonagora.pl\/wp-content\/uploads\/2025\/12\/ChatGPT-Image-22-gru-2025-18_01_26-2.png 1024w\" sizes=\"(max-width: 878px) 100vw, 878px\" \/>\t\t\t\t\t\t\t\t\t\t\t\t\t\t\t<\/div>\n\t\t\t\t<\/div>\n\t\t\t\t<\/div>\n\t\t<div class=\"elementor-element elementor-element-f24ca51 e-con-full e-flex e-con e-child\" data-id=\"f24ca51\" data-element_type=\"container\" data-e-type=\"container\">\n\t\t\t\t<div class=\"elementor-element elementor-element-a58e001 elementor-invisible elementor-widget elementor-widget-heading\" data-id=\"a58e001\" data-element_type=\"widget\" data-e-type=\"widget\" data-settings=\"{&quot;_animation&quot;:&quot;fadeInRight&quot;}\" data-widget_type=\"heading.default\">\n\t\t\t\t<div class=\"elementor-widget-container\">\n\t\t\t\t\t<h3 class=\"elementor-heading-title elementor-size-default\">\ud83d\udc68\u200d\u2696\ufe0f radca prawny Dominik Matli\u0144ski<\/h3>\t\t\t\t<\/div>\n\t\t\t\t<\/div>\n\t\t\t\t<div class=\"elementor-element elementor-element-22900f0 elementor-widget elementor-widget-text-editor\" data-id=\"22900f0\" data-element_type=\"widget\" data-e-type=\"widget\" data-widget_type=\"text-editor.default\">\n\t\t\t\t<div class=\"elementor-widget-container\">\n\t\t\t\t\t\t\t\t\t<p data-start=\"739\" data-end=\"1158\">Radca prawny, absolwent Wydzia\u0142u Prawa i Administracji Uniwersytetu Wroc\u0142awskiego, cz\u0142onek Okr\u0119gowej Izby Radc\u00f3w Prawnych w Zielonej G\u00f3rze. W codziennej praktyce skupia si\u0119 na prawie cywilnym, gospodarczym, prawie pracy, prawie rodzinnym i windykacji nale\u017cno\u015bci.<\/p><p data-start=\"1720\" data-end=\"2005\">Od lat skutecznie reprezentuje klient\u00f3w przed s\u0105dami powszechnymi i polubownymi oraz prowadzi negocjacje ugodowe. Jest zwolennikiem <strong data-start=\"1851\" data-end=\"1893\">rozwi\u0105zywania spor\u00f3w na drodze dialogu<\/strong>, kiedy tylko jest to mo\u017cliwe, ale nie boi si\u0119 walczy\u0107 w interesie klienta, je\u015bli sprawa trafia na drog\u0119 s\u0105dow\u0105.<\/p>\t\t\t\t\t\t\t\t<\/div>\n\t\t\t\t<\/div>\n\t\t\t\t<\/div>\n\t\t\t\t\t<\/div>\n\t\t\t\t<\/div>\n\t\t<div class=\"elementor-element elementor-element-5ac6795 e-flex e-con-boxed e-con e-parent\" data-id=\"5ac6795\" data-element_type=\"container\" data-e-type=\"container\" data-settings=\"{&quot;background_background&quot;:&quot;classic&quot;}\">\n\t\t\t\t\t<div class=\"e-con-inner\">\n\t\t\t\t<div class=\"elementor-element elementor-element-9d9ea6d elementor-invisible elementor-widget elementor-widget-heading\" data-id=\"9d9ea6d\" data-element_type=\"widget\" data-e-type=\"widget\" data-settings=\"{&quot;_animation&quot;:&quot;fadeInRight&quot;}\" data-widget_type=\"heading.default\">\n\t\t\t\t<div class=\"elementor-widget-container\">\n\t\t\t\t\t<h3 class=\"elementor-heading-title elementor-size-default\">\ud83e\udd1d Nasza filozofia<\/h3>\t\t\t\t<\/div>\n\t\t\t\t<\/div>\n\t\t\t\t<div class=\"elementor-element elementor-element-7ffaa5b elementor-widget elementor-widget-text-editor\" data-id=\"7ffaa5b\" data-element_type=\"widget\" data-e-type=\"widget\" data-widget_type=\"text-editor.default\">\n\t\t\t\t<div class=\"elementor-widget-container\">\n\t\t\t\t\t\t\t\t\t<p data-start=\"2036\" data-end=\"2309\">Wierzymy, \u017ce dobra kancelaria prawna to nie tylko wiedza i do\u015bwiadczenie, ale r\u00f3wnie\u017c <strong data-start=\"2122\" data-end=\"2177\">umiej\u0119tno\u015b\u0107 s\u0142uchania i zrozumienia potrzeb klienta<\/strong>. Zawsze d\u0105\u017cymy do znalezienia najlepszego mo\u017cliwego rozwi\u0105zania \u2013 zar\u00f3wno w sprawach codziennych, jak i tych najbardziej z\u0142o\u017conych.<\/p><p data-start=\"2311\" data-end=\"2323\">Stawiamy na:<\/p><ul data-start=\"2325\" data-end=\"2448\"><li data-start=\"2325\" data-end=\"2352\"><p data-start=\"2327\" data-end=\"2352\">przejrzyst\u0105 komunikacj\u0119<\/p><\/li><li data-start=\"2353\" data-end=\"2379\"><p data-start=\"2355\" data-end=\"2379\">indywidualne podej\u015bcie<\/p><\/li><li data-start=\"2380\" data-end=\"2408\"><p data-start=\"2382\" data-end=\"2408\">terminowo\u015b\u0107 i rzetelno\u015b\u0107<\/p><\/li><li data-start=\"2409\" data-end=\"2448\"><p data-start=\"2411\" data-end=\"2448\">zaanga\u017cowanie na ka\u017cdym etapie sprawy<\/p><\/li><\/ul>\t\t\t\t\t\t\t\t<\/div>\n\t\t\t\t<\/div>\n\t\t\t\t\t<\/div>\n\t\t\t\t<\/div>\n\t\t<div class=\"elementor-element elementor-element-cfb7140 e-flex e-con-boxed e-con e-parent\" data-id=\"cfb7140\" data-element_type=\"container\" data-e-type=\"container\">\n\t\t\t\t\t<div class=\"e-con-inner\">\n\t\t\t\t<div class=\"elementor-element elementor-element-b3c9c38 elementor-widget elementor-widget-text-editor\" data-id=\"b3c9c38\" data-element_type=\"widget\" data-e-type=\"widget\" data-widget_type=\"text-editor.default\">\n\t\t\t\t<div class=\"elementor-widget-container\">\n\t\t\t\t\t\t\t\t\t<p>\u00a9 2025 Kancelarie Radc\u00f3w Prawnych Jacek Hajduk Dominik Matli\u0144ski<\/p>\t\t\t\t\t\t\t\t<\/div>\n\t\t\t\t<\/div>\n\t\t\t\t\t<\/div>\n\t\t\t\t<\/div>\n\t\t\t\t<\/div>\n\t\t","protected":false},"excerpt":{"rendered":"<p>Zesp\u00f3\u0142 \ud83c\udfdb Kancelarie Radc\u00f3w Prawnych Jacek Hajduk &amp; Dominik Matli\u0144ski W naszej kancelarii \u0142\u0105czymy wieloletnie do\u015bwiadczenie zawodowe z indywidualnym podej\u015bciem do ka\u017cdej sprawy. Pomagamy zar\u00f3wno osobom fizycznym, jak i przedsi\u0119biorcom w skutecznym rozwi\u0105zywaniu problem\u00f3w prawnych. Dzia\u0142amy na terenie Zielonej G\u00f3ry i okolic, a tak\u017ce zdalnie na terenie ca\u0142ej Polski. \ud83d\udc68\u200d\u2696\ufe0f radca prawny Jacek Hajduk Radca &#8230; <a title=\"Zesp\u00f3\u0142\" class=\"read-more\" href=\"https:\/\/prawnikzielonagora.pl\/?page_id=476\" aria-label=\"Read more about Zesp\u00f3\u0142\">Read more<\/a><\/p>\n","protected":false},"author":1,"featured_media":0,"parent":0,"menu_order":0,"comment_status":"closed","ping_status":"closed","template":"","meta":{"footnotes":""},"class_list":["post-476","page","type-page","status-publish"],"_links":{"self":[{"href":"https:\/\/prawnikzielonagora.pl\/index.php?rest_route=\/wp\/v2\/pages\/476","targetHints":{"allow":["GET"]}}],"collection":[{"href":"https:\/\/prawnikzielonagora.pl\/index.php?rest_route=\/wp\/v2\/pages"}],"about":[{"href":"https:\/\/prawnikzielonagora.pl\/index.php?rest_route=\/wp\/v2\/types\/page"}],"author":[{"embeddable":true,"href":"https:\/\/prawnikzielonagora.pl\/index.php?rest_route=\/wp\/v2\/users\/1"}],"replies":[{"embeddable":true,"href":"https:\/\/prawnikzielonagora.pl\/index.php?rest_route=%2Fwp%2Fv2%2Fcomments&post=476"}],"version-history":[{"count":34,"href":"https:\/\/prawnikzielonagora.pl\/index.php?rest_route=\/wp\/v2\/pages\/476\/revisions"}],"predecessor-version":[{"id":584,"href":"https:\/\/prawnikzielonagora.pl\/index.php?rest_route=\/wp\/v2\/pages\/476\/revisions\/584"}],"wp:attachment":[{"href":"https:\/\/prawnikzielonagora.pl\/index.php?rest_route=%2Fwp%2Fv2%2Fmedia&parent=476"}],"curies":[{"name":"wp","href":"https:\/\/api.w.org\/{rel}","templated":true}]}}